{"id":2337,"date":"2024-09-05T18:46:26","date_gmt":"2024-09-05T18:46:26","guid":{"rendered":"http:\/\/localhost:10028\/?page_id=2337"},"modified":"2024-09-05T18:46:26","modified_gmt":"2024-09-05T18:46:26","slug":"posts-grid","status":"publish","type":"page","link":"https:\/\/ozguvenatolyesi.com\/index.php\/posts-grid\/","title":{"rendered":"Posts Grid"},"content":{"rendered":"\t\t<div data-elementor-type=\"wp-page\" data-elementor-id=\"2337\" class=\"elementor elementor-2337\">\n\t\t\t\t<div class=\"elementor-element elementor-element-79f3006 parallax-section e-flex e-con-boxed rt-default-class e-con e-parent\" data-id=\"79f3006\" data-element_type=\"container\" data-e-type=\"container\" data-settings=\"{&quot;background_background&quot;:&quot;classic&quot;}\">\n\t\t\t\t\t<div class=\"e-con-inner\">\n\t\t\t\t<div class=\"elementor-element elementor-element-8694f89 rt-default-class elementor-widget elementor-widget-rtbreadrumb\" data-id=\"8694f89\" data-element_type=\"widget\" data-e-type=\"widget\" data-widget_type=\"rtbreadrumb.default\">\n\t\t\t\t<div class=\"elementor-widget-container\">\n\t\t\t\t\t    \r\n\r\n    <div class=\"breadcrumb-inner-addon\">\r\n        <div class=\"rt-title-part\">\r\n            <h1 class=\"page-title\">Insights &amp; Updates<\/h1>\r\n            Business consultancy enables companies to stay competitive in a rapidly evolving <br>digital landscape, ultimately leading to increased efficiency        <\/div>\r\n        <div class=\"breadcrumb-path\">\r\n                <a href=\"https:\/\/ozguvenatolyesi.com\/\">Home<\/a>            <\/div>\r\n    <\/div>   \r\n    \t\t\t\t<\/div>\n\t\t\t\t<\/div>\n\t\t\t\t\t<\/div>\n\t\t\t\t<\/div>\n\t\t<div class=\"elementor-element elementor-element-1da758d e-flex e-con-boxed rt-default-class e-con e-parent\" data-id=\"1da758d\" data-element_type=\"container\" data-e-type=\"container\" data-settings=\"{&quot;background_background&quot;:&quot;classic&quot;}\">\n\t\t\t\t\t<div class=\"e-con-inner\">\n\t\t\t\t<div class=\"elementor-element elementor-element-8c2368c rt-default-class elementor-widget elementor-widget-react-blog\" data-id=\"8c2368c\" data-element_type=\"widget\" data-e-type=\"widget\" data-widget_type=\"react-blog.default\">\n\t\t\t\t<div class=\"elementor-widget-container\">\n\t\t\t\t\t\r\n\t\t<div class=\"rt-addon-grid\">          \r\n            <div class=\"row\">\r\n\t\t\t \t<div class=\"col-lg-col-lg-4 col-md-4 col-sm-12 col-12 blog-item\">\r\n    <div class=\"single-blog-area-style-two\">\r\n        \r\n               \r\n        <span class=\"rt-cate\"> <i class=\"rt-book\"><\/i>  <a href=\"https:\/\/ozguvenatolyesi.com\/index.php\/category\/blog\/\" rel=\"tag\">Blog<\/a><\/span>\r\n        <div class=\"btm-content-part\">   \r\n            <div class=\"bottom-area\"> \r\n                <span class=\"admin\"> <i class=\"rt-user-2\"><\/i> by admin <\/span>              \r\n                <span class=\"date\"> <i class=\"rt-clock-regular\"><\/i> Mart 13, 2026 <\/span>               \r\n            <\/div>\r\n\r\n            <h3 class=\"blog-title\">\r\n                <a href=\"https:\/\/ozguvenatolyesi.com\/index.php\/2026\/03\/13\/ozguven-uzerine\/\">\r\n                    \u00d6zg\u00fcven \u00dczerine                <\/a>\r\n            <\/h3>      \r\n            \u00d6ZG\u00dcVEN: Bilgi, Beceri ve \u00d6\u011frenmeye Dayal\u0131 \u201cYapabilirim\u201d Cesaretidir.\u00d6zg\u00fcven, yaln\u0131zca kendine inanmak de\u011fildir.... \r\n                            <a href=\"https:\/\/ozguvenatolyesi.com\/index.php\/2026\/03\/13\/ozguven-uzerine\/\" class=\"btn-readmore-inner\">Read More <i class=\"rt-arrow-right-regular\"><\/i> <\/a>\r\n                     \r\n        <\/div>\r\n    <\/div>\r\n<\/div>\r\n<div class=\"col-lg-col-lg-4 col-md-4 col-sm-12 col-12 blog-item\">\r\n    <div class=\"single-blog-area-style-two\">\r\n        \r\n               \r\n        <span class=\"rt-cate\"> <i class=\"rt-book\"><\/i>  <a href=\"https:\/\/ozguvenatolyesi.com\/index.php\/category\/blog\/\" rel=\"tag\">Blog<\/a><\/span>\r\n        <div class=\"btm-content-part\">   \r\n            <div class=\"bottom-area\"> \r\n                <span class=\"admin\"> <i class=\"rt-user-2\"><\/i> by admin <\/span>              \r\n                <span class=\"date\"> <i class=\"rt-clock-regular\"><\/i> Eyl\u00fcl 2, 2024 <\/span>               \r\n            <\/div>\r\n\r\n            <h3 class=\"blog-title\">\r\n                <a href=\"https:\/\/ozguvenatolyesi.com\/index.php\/2024\/09\/02\/kocluk-ve-mentorluk-dusunce-araclari\/\">\r\n                    Ko\u00e7luk ve Ment\u00f6rl\u00fck D\u00fc\u015f\u00fcnce Ara\u00e7lar\u0131                <\/a>\r\n            <\/h3>      \r\n            \u00d6zg\u00fcven At\u00f6lyesi\u00a0\u00e7al\u0131\u015fmalar\u0131n\u0131, \u00a0e\u011fitim, ko\u00e7luk ve mentorl\u00fck yakla\u015f\u0131mlar\u0131 ile ger\u00e7ekle\u015ftirir. \u00a0Fark\u0131ndal\u0131k sa\u011flamak, bilgi... \r\n                            <a href=\"https:\/\/ozguvenatolyesi.com\/index.php\/2024\/09\/02\/kocluk-ve-mentorluk-dusunce-araclari\/\" class=\"btn-readmore-inner\">Read More <i class=\"rt-arrow-right-regular\"><\/i> <\/a>\r\n                     \r\n        <\/div>\r\n    <\/div>\r\n<\/div>\r\n<div class=\"col-lg-col-lg-4 col-md-4 col-sm-12 col-12 blog-item\">\r\n    <div class=\"single-blog-area-style-two\">\r\n        \r\n               \r\n        <span class=\"rt-cate\"> <i class=\"rt-book\"><\/i>  <a href=\"https:\/\/ozguvenatolyesi.com\/index.php\/category\/blog\/\" rel=\"tag\">Blog<\/a><\/span>\r\n        <div class=\"btm-content-part\">   \r\n            <div class=\"bottom-area\"> \r\n                <span class=\"admin\"> <i class=\"rt-user-2\"><\/i> by admin <\/span>              \r\n                <span class=\"date\"> <i class=\"rt-clock-regular\"><\/i> Eyl\u00fcl 2, 2024 <\/span>               \r\n            <\/div>\r\n\r\n            <h3 class=\"blog-title\">\r\n                <a href=\"https:\/\/ozguvenatolyesi.com\/index.php\/2024\/09\/02\/pencere-acmak-mi-yoksa-kapi-acmak-mi\/\">\r\n                    Pencere A\u00e7mak m\u0131, Yoksa Kap\u0131 A\u00e7mak m\u0131?                <\/a>\r\n            <\/h3>      \r\n            Ko\u00e7vari Ment\u00f6rl\u00fck s\u00fcrecimde bir\u00e7ok ki\u015fi ile tan\u0131\u015ft\u0131m ve \u00e7al\u0131\u015ft\u0131m. Tan\u0131\u015fmaya ve \u00e7al\u0131\u015fmaya... \r\n                            <a href=\"https:\/\/ozguvenatolyesi.com\/index.php\/2024\/09\/02\/pencere-acmak-mi-yoksa-kapi-acmak-mi\/\" class=\"btn-readmore-inner\">Read More <i class=\"rt-arrow-right-regular\"><\/i> <\/a>\r\n                     \r\n        <\/div>\r\n    <\/div>\r\n<\/div>\r\n<div class=\"col-lg-col-lg-4 col-md-4 col-sm-12 col-12 blog-item\">\r\n    <div class=\"single-blog-area-style-two\">\r\n        \r\n               \r\n        <span class=\"rt-cate\"> <i class=\"rt-book\"><\/i>  <a href=\"https:\/\/ozguvenatolyesi.com\/index.php\/category\/blog\/\" rel=\"tag\">Blog<\/a><\/span>\r\n        <div class=\"btm-content-part\">   \r\n            <div class=\"bottom-area\"> \r\n                <span class=\"admin\"> <i class=\"rt-user-2\"><\/i> by admin <\/span>              \r\n                <span class=\"date\"> <i class=\"rt-clock-regular\"><\/i> A\u011fustos 15, 2024 <\/span>               \r\n            <\/div>\r\n\r\n            <h3 class=\"blog-title\">\r\n                <a href=\"https:\/\/ozguvenatolyesi.com\/index.php\/2024\/08\/15\/bir-yerden-kacmak-mi-bir-yere-varmak-mi\/\">\r\n                    Bir Yerden Ka\u00e7mak m\u0131, Bir Yere Varmak m\u0131?                <\/a>\r\n            <\/h3>      \r\n            Ko\u00e7luk ve mentorl\u00fck ile ilgilenmeye ba\u015flad\u0131\u011f\u0131m son birka\u00e7 y\u0131ld\u0131r i\u015finde ve i\u015f... \r\n                            <a href=\"https:\/\/ozguvenatolyesi.com\/index.php\/2024\/08\/15\/bir-yerden-kacmak-mi-bir-yere-varmak-mi\/\" class=\"btn-readmore-inner\">Read More <i class=\"rt-arrow-right-regular\"><\/i> <\/a>\r\n                     \r\n        <\/div>\r\n    <\/div>\r\n<\/div>\r\n<div class=\"col-lg-col-lg-4 col-md-4 col-sm-12 col-12 blog-item\">\r\n    <div class=\"single-blog-area-style-two\">\r\n        \r\n                    <a href=\"https:\/\/ozguvenatolyesi.com\/index.php\/2024\/08\/15\/etki-alanina-odaklanmak\/\" class=\"rt-thumbnail\">\r\n                <img fetchpriority=\"high\" decoding=\"async\" width=\"1400\" height=\"800\" src=\"https:\/\/ozguvenatolyesi.com\/wp-content\/uploads\/2024\/09\/post4.webp\" class=\"attachment-full size-full wp-post-image\" alt=\"\" srcset=\"https:\/\/ozguvenatolyesi.com\/wp-content\/uploads\/2024\/09\/post4.webp 1400w, https:\/\/ozguvenatolyesi.com\/wp-content\/uploads\/2024\/09\/post4-300x171.webp 300w, https:\/\/ozguvenatolyesi.com\/wp-content\/uploads\/2024\/09\/post4-1024x585.webp 1024w, https:\/\/ozguvenatolyesi.com\/wp-content\/uploads\/2024\/09\/post4-768x439.webp 768w\" sizes=\"(max-width: 1400px) 100vw, 1400px\" \/>                \r\n            <\/a>\r\n               \r\n        <span class=\"rt-cate\"> <i class=\"rt-book\"><\/i>  <a href=\"https:\/\/ozguvenatolyesi.com\/index.php\/category\/blog\/\" rel=\"tag\">Blog<\/a><\/span>\r\n        <div class=\"btm-content-part\">   \r\n            <div class=\"bottom-area\"> \r\n                <span class=\"admin\"> <i class=\"rt-user-2\"><\/i> by admin <\/span>              \r\n                <span class=\"date\"> <i class=\"rt-clock-regular\"><\/i> A\u011fustos 15, 2024 <\/span>               \r\n            <\/div>\r\n\r\n            <h3 class=\"blog-title\">\r\n                <a href=\"https:\/\/ozguvenatolyesi.com\/index.php\/2024\/08\/15\/etki-alanina-odaklanmak\/\">\r\n                    Etki Alan\u0131na Odaklanmak                <\/a>\r\n            <\/h3>      \r\n            Collaboratively pontificate bleeding edge resources with inexpensive methodologies globally initiate multidisciplinary compatible... \r\n                            <a href=\"https:\/\/ozguvenatolyesi.com\/index.php\/2024\/08\/15\/etki-alanina-odaklanmak\/\" class=\"btn-readmore-inner\">Read More <i class=\"rt-arrow-right-regular\"><\/i> <\/a>\r\n                     \r\n        <\/div>\r\n    <\/div>\r\n<\/div>\r\n                            \r\n            <\/div>   \r\n                                 \r\n            \t\t\t\t<div class=\"reactheme-pagination-area\"><div class=\"nav-links\"><span aria-current=\"page\" class=\"page-numbers current\">1<\/span>\n<a class=\"page-numbers\" href=\"https:\/\/ozguvenatolyesi.com\/index.php\/wp-json\/wp\/v2\/pages\/2337\/page\/2\/\">2<\/a>\n<a class=\"next page-numbers\" href=\"https:\/\/ozguvenatolyesi.com\/index.php\/wp-json\/wp\/v2\/pages\/2337\/page\/2\/\">Sonraki &raquo;<\/a><\/div><\/div>\r\n\t\t\t              \r\n\t\t<\/div>\r\n\t   \t\t\t\t<\/div>\n\t\t\t\t<\/div>\n\t\t\t\t\t<\/div>\n\t\t\t\t<\/div>\n\t\t\t\t<\/div>\n\t\t","protected":false},"excerpt":{"rendered":"<p>Insights &amp; Updates Business consultancy enables companies to stay competitive in a rapidly evolving digital landscape, ultimately leading to increased efficiency Home Business Solution by admin September 2, 2024 Essential for Effective Market Research &#038; Analysis Collaboratively pontificate bleeding edge resources with inexpensive methodologies globally initiate multidisciplinary compatible&#8230; Read More Finance Solution by admin September&#8230;<\/p>\n","protected":false},"author":1,"featured_media":0,"parent":0,"menu_order":0,"comment_status":"closed","ping_status":"closed","template":"elementor_header_footer","meta":{"footnotes":""},"class_list":["post-2337","page","type-page","status-publish","hentry"],"_links":{"self":[{"href":"https:\/\/ozguvenatolyesi.com\/index.php\/wp-json\/wp\/v2\/pages\/2337","targetHints":{"allow":["GET"]}}],"collection":[{"href":"https:\/\/ozguvenatolyesi.com\/index.php\/wp-json\/wp\/v2\/pages"}],"about":[{"href":"https:\/\/ozguvenatolyesi.com\/index.php\/wp-json\/wp\/v2\/types\/page"}],"author":[{"embeddable":true,"href":"https:\/\/ozguvenatolyesi.com\/index.php\/wp-json\/wp\/v2\/users\/1"}],"replies":[{"embeddable":true,"href":"https:\/\/ozguvenatolyesi.com\/index.php\/wp-json\/wp\/v2\/comments?post=2337"}],"version-history":[{"count":0,"href":"https:\/\/ozguvenatolyesi.com\/index.php\/wp-json\/wp\/v2\/pages\/2337\/revisions"}],"wp:attachment":[{"href":"https:\/\/ozguvenatolyesi.com\/index.php\/wp-json\/wp\/v2\/media?parent=2337"}],"curies":[{"name":"wp","href":"https:\/\/api.w.org\/{rel}","templated":true}]}}